et w(f) = -26*f**3 - 4*f - 7. Is w(-3) prime?
False
Let m(b) = 129*b**2 - 10. Is m(-3) composite?
False
Let y = 3 + -1. Suppose -3*x = y*x. Suppose 42 = 2*q - x*q. Is q composite?
True
Let p be (0/3)/3 + 6. Suppose 0 = 2*m - p*k + 4*k + 38, -3*k + 9 = 0. Let n = 53 + m. Is n a composite number?
False
Let k be (-4)/16 + (-12178)/(-8). Let s(q) = 100*q**3 + 2*q**2 - 3*q. Let w be s(2). Suppose -w = -4*z + k. Is z composite?
True
Suppose 2*t + 16 = 2*o - 0*t, o = 5*t + 28. Let c = o + -1. Let k = c - -51. Is k a composite number?
False
Suppose -2*u = -6*u + 6260. Is u prime?
False
Suppose 5*l - 1254 = h, -114 = 2*l + 5*h - 621. Is l composite?
False
Suppose 0 = f + 4*f. Suppose -2*l - 3*l - 225 = f. Let h = l - -124. Is h a composite number?
False
Suppose 426 - 70 = 4*y. Is y composite?
False
Suppose -a + 3 = 4*t - 13, 2*a + 1 = 3*t. Suppose a*i = 2*i + 30. Is i composite?
True
Let s(h) = 138*h + 7. Is s(13) a prime number?
True
Let z = 62 + 31. Is z composite?
True
Let v = 47 - -11. Is v a composite number?
True
Let b be (-6)/(-5 + 2) + 1. Is b/5 - 524/(-10) a composite number?
False
Let x(j) = -27*j**2 - 2*j - 2. Let y be x(-2). Let o = -35 - y. Is o prime?
True
Suppose 10*j + 665 = 15*j. Is j composite?
True
Suppose -3*n + 2 = -5*j, n = 3*j - 2 - 0. Let q be -2 + (-2 - 988)/j. Let v = 760 + q. Is v composite?
False
Let t be (-160)/(32/12 + -2). Let o = 317 - t. Is o a prime number?
True
Let h(u) = 4*u - 3. Let m(y) = 5*y - 2. Let r(v) = -6*h(v) + 5*m(v). Let t be r(-6). Suppose t*i - 161 = 101. Is i a composite number?
False
Suppose 7*i = -7*i + 13426. Is i prime?
False
Suppose -5*o - 12 = 23. Let x(s) = 3*s**2 + 9*s + 5. Is x(o) prime?
True
Suppose -l + 0*l = 1, -3*l = 2*t - 235. Is t a prime number?
False
Let x = -35 + 286. Is x a prime number?
True
Let c = 0 - -3. Let o = c - -2. Suppose -4*u - 7 = o, -j - 3*u = -28. Is j composite?
False
Let c(q) = -q**3 - 7*q**2 - 5*q + 6. Let w be c(-6). Suppose 0 = 4*n - 2*m - 36, -m - 51 = -5*n - w*m. Is n prime?
True
Let s(h) = 21*h + 14 - 34 + 16. Is s(3) prime?
True
Suppose 0*u - n + 89 = u, 2*u - 178 = 3*n. Suppose 4*z + 4*k + 54 + 222 = 0, 4*k = z + u. Let b = z + 138. Is b composite?
True
Is 14/28 + 3474/4 composite?
True
Suppose 0*o + 5*d = 2*o + 209, -2*o = -3*d + 215. Let h = -421 + 200. Let c = o - h. Is c composite?
False
Let v(x) = -9*x**3 - 6*x - 1. Is v(-5) composite?
True
Let b = 7663 - 3018. Is b composite?
True
Let o(z) = 29*z**2 - 19*z + 19. Is o(10) prime?
True
Let t = 48 + 23. Is t prime?
True
Suppose 2*b - 681 = -s, -b + 2027 = 3*s + b. Is s a prime number?
True
Let g = 2132 + -1059. Is g composite?
True
Let j be 2/4*(13 + -3). Suppose 0 = j*x + 2*y + y - 256, 4*y = x - 65. Is x a prime number?
True
Let n be (9/(-12))/((-2)/8). Suppose 3*r + 3*u = 7*u + 538, -n*r + 540 = -3*u. Let b = -93 + r. Is b a composite number?
False
Let y(i) = i**3 - 2*i**2 + i - 7. Let t be y(3). Suppose -t*n + 11 = -54. Is n composite?
False
Is ((-68)/8)/((-3)/258) a composite number?
True
Let i(x) = x**3 - 5*x**2 + 2*x - 1. Let u be i(5). Let j = 2 + u. Is j*1*(-5 - -6) a prime number?
True
Suppose 2*w = 5 + 1. Suppose -2*t + r = -0*t - 20, 0 = w*t - 4*r - 40. Suppose 4*y - 5*o - 592 = -0*o, -t = 2*o. Is y a composite number?
True
Suppose -3 = -2*h - 5. Let a = h + 0. Is a/2*(-226 + 0) a composite number?
False
Let q = -1750 + 2891. Is q a prime number?
False
Let f(l) = -l**2 - 4*l + 79. Is f(0) prime?
True
Suppose -4*o + 3*c - 254 = 0, 4*o - c + 2*c + 262 = 0. Let u = 112 + o. Is u a composite number?
False
Is (1 + (-4)/3)/((-5)/17925) a prime number?
False
Let p(h) = -64*h. Let a be p(-6). Is a - -9 - 2*1 a composite number?
True
Let f = -20 - -24. Suppose -f*l + 37 = -m - 64, -l + 3*m + 28 = 0. Is l a composite number?
True
Suppose 22 = 4*a - 2*u, 3*u + 2 = -4*a - 1. Suppose 0 = o - a*w - 65, o - 11 = -4*w + 40. Is o a composite number?
False
Let w = -48 - -175. Is w composite?
False
Is ((-776)/3 - 6)/((-4)/6) prime?
True
Suppose 0 = -2*g - 0*c - c - 18, 5*g - 5*c = -75. Let i = -7 - g. Suppose -3*k - i*a = -167, -5*k - 43 = -a - 306. Is k a composite number?
False
Let q(s) = 30*s**2 - s - 3. Suppose 0 = i + i + 4. Is q(i) composite?
True
Suppose 0 = -0*j - 2*j - 8, 3*u - 2*j - 23 = 0. Suppose 5*w = d + 94, -2*w + 6*w - u*d = 71. Let z = w + -10. Is z prime?
False
Suppose 4*j + 3*i - 278 = 0, 0 = 5*j + 3*i - 8*i - 365. Is j composite?
False
Let f(k) = 5*k + 4. Let l(m) = -m**3 - 2*m**2 - 3. Let b be l(-3). Let r be 2*(2 - 3/b). Is f(r) a composite number?
False
Let l be (3/6)/((-3)/12). Let p be 4 + l + 0 + 0. Suppose p*h - 16 = 12. Is h a prime number?
False
Let w(v) = v**3 - 6*v**2 - v + 6. Let i be w(6). Suppose -2*q - 4 = -i*q. Is (-133)/14*4/q a prime number?
True
Let l = 7 - 2. Suppose -118 = -2*q + l*g, -q + 59 = -0*g - 2*g. Is q composite?
False
Let p(t) = 2*t**2 + 12*t - 9. Let v = 5 - -5. Is p(v) prime?
True
Suppose 4*v + 12 = 7*v. Suppose -v*t = -5*r - 43, 2*t + 4*r + 0 = 2. Is t composite?
False
Let b(y) = 5*y - 13*y - 4*y + 11. Let d(i) = i**3 + 5*i**2 - 4*i + 3. Let n be d(-6). Is b(n) prime?
False
Let l(u) = -2*u**3 - u**2 - u - 1. Let z be l(-1). Suppose 2*o - o - z = 0. Is (53 + 4/(-2))*o prime?
False
Let v = -57 - -178. Is v a prime number?
False
Suppose 0 = 4*n + 4*i - 4, -n + 1 - 5 = -4*i. Let u(y) = -y**2 + 0*y + y + y**3 + n*y + 113. Is u(0) a prime number?
True
Suppose 3 = -b + 2*i + 17, 14 = 2*b + 3*i. Let t be 36/b - 8/(-20). Is t*((-35)/(-4) - 0) prime?
False
Suppose 204 = 5*o - 311. Is o a prime number?
True
Let n be 10*(1 - 1/2). Suppose 5*r - 45 = -n*d, -r - 4*d + 19 = -d. Suppose -64 = -r*z + 84. Is z a composite number?
False
Let i(t) = 97*t**2 + t - 1. Let u be 12/8*(-2)/(-3). Is i(u) composite?
False
Is 2696/6 - 9/27 composite?
False
Let u = 107 - 38. Let r(d) = -d**2 - 4*d + 2. Let x be r(-4). Suppose -u = -x*a - 7. Is a prime?
True
Is 1 - (3 + -1) - (-8 + -2552) a composite number?
True
Suppose 4*w = 2*g + 962, -3*g + 15 = -0*g. Suppose 210 = -3*v - q - 283, 2*v - q + 337 = 0. Let c = w + v. Is c prime?
False
Let a(o) = -o**3 - 4*o**2 + 5*o - 11. Let f be a(-8). Suppose -r = -0*r - 3. Suppose 176 = r*h - f. Is h composite?
False
Is -7*(-129 + 3 - 1) a composite number?
True
Let g = 10 + -7. Suppose -g*d + d - 2*c = -26, -2*d + 35 = 5*c. Is d prime?
False
Suppose 0 = 3*r + 5*l - 265, 3*r - 4*l - 332 + 31 = 0. Is r composite?
True
Suppose 0 = -5*f + 63 - 8. Let b be (-948)/(-11) - 2/f. Let c = -19 + b. Is c composite?
False
Let z = 1 - -1. Suppose -42 = -z*m - m. Is m a composite number?
True
Let f(d) = 2*d**3 - d**2. Suppose 3 = 3*c - 0. Let p be f(c). Is -22*(p + 9/(-6)) a composite number?
False
Let s(l) = 11*l - 9. Let h(a) = -21*a + 18. Let g(i) = 6*h(i) + 13*s(i). Let p be g(7). Suppose -v + n = 2*v - p, 4*n = -20. Is v a prime number?
False
Suppose -13926 = -3*f - 3*f. Is f composite?
True
Suppose 10*z - 166 = 8*z. Is z a prime number?
True
Let y = -5 + 8. Is (y + -2)*4*1 composite?
True
Suppose 313 = -4*s + 1661. Is s prime?
True
Let b = 223 - 126. Let m = 218 - b. Is m a prime number?
False
Let c(z) = -20*z - 1. Let g(r) = 10*r + 1. Let v(k) = -2*c(k) - 5*g(k). Is v(-8) composite?
True
Suppose -5*p - 5*r = -17 - 13, 2*p + r - 14 = 0. Let d = 21 - p. Is d composite?
False
Let m be (1 + 23)*(-8)/12. Is 746/14 - m/(-56) a composite number?
False
Let b(h) = -h**2 - 4*h + 5. Let q be b(-4). Suppose 0 = 5*n + q*g - 360, 0*g + 2*g = -n + 67. Is n prime?
False
Suppose -5*r = -3*r - 68. Let v = r + 33. Is v prime?
True
Let o(l) = -7 + l**2 + 2*l + 0 + 9*l. Let c be o(-11). Is (4/(-6))/(c/147) composite?
True
Let f(p) = -p**3 + 2*p**2 + 2. Let j be f(2). Suppose 2*s - 484 = -j*s. Is s prime?
False
Let p(k) = -k + 1. Let h be p(-5). Let r be (-4)/2 + h + -1. Suppose -r*t + 19 = -11. Is t prime?
False
Let z(a) = 0*a - 5 + 3 - a - a. Let f be z(-10). Is (f/15)/((-2)/(-155)) a prime number?
False
Let r(x) = -x**3 - 6*x**2 - 6*x - 2. Is r(-7) a prime number?
True
Let v = 38 + -2. Suppose -164 = -4*n - 12. Suppose -2*d = -n - v. Is d a composite number?
False
Let j = 140 - 53. Let h = j + 134. Is h a composite number?
True
Suppose 0 = 6*z - 9*z + 207. Is z a prime number?
False
Let r(g) = g**3 - 16*g**2 + 12*g + 13. Is r(18) prime?
True
Let h(g) = -g + 2*g**2 - 2*g + 4 +